 is the hundreds digit of 13/(130/20) + 1/(-1)*-28198?
2
Suppose 4*v + 5*c = 2*c - 7, -2*v = 2*c + 4. What is the units digit of (1 + (-6)/24)/(v/(-1368))?
6
Suppose 396*z - 2332928 = 292*z. What is the ten thousands digit of z?
2
Let x = -118 - -114. What is the units digit of (13 + 6)/((-10)/x - 2)?
8
Let p(t) = -t**2 + 6*t + 11. Let z be (-4)/1*(-12 + 10). Let j be p(z). What is the units digit of (j/15)/(1/(-150))?
0
Let d(w) be the third derivative of -21*w**4/8 - 25*w**3/3 + 50*w**2. What is the units digit of d(-5)?
5
Suppose 14796 + 19471 + 49005 = 8*i. What is the tens digit of i?
0
Let u be (47/(-3) + 9)*(-3)/(-1). What is the hundreds digit of (-20)/6*(4 + 5252/u)?
8
Let b = -19968 - -49701. Suppose 14*j = -19*j + b. What is the units digit of j?
1
What is the thousands digit of 259975/6 + 14*(-4)/336?
3
Suppose 5*j - c = -5*c + 59771, 23914 = 2*j - 4*c. What is the tens digit of j?
5
Let s(j) = -7*j**3 - 10*j**2 - 3*j - 311. What is the tens digit of s(-15)?
0
Suppose 0 = -3*t - 5*l + 659, 3*t + 0*l = -2*l + 647. Let w be 88/32 - (-1)/4. Suppose w*p - 8*f + 3*f = 320, -t = -2*p + 3*f. What is the tens digit of p?
0
What is the thousands digit of (-8)/(-5)*94750/20?
7
Let i(v) = v**2 + 21*v + 20. Let g be i(-20). Suppose 2*z - 4*u - 938 = g, -u + 6*u = 3*z - 1407. What is the hundreds digit of z?
4
Let r = 56 + -50. Let h = r + 27. Suppose 38*b = h*b + 610. What is the units digit of b?
2
Suppose -5*k + 376 = -2*k - 5*h, 0 = 2*k + 5*h - 259. Let m be 1*-3 + 1078/154. Suppose -m*x = 3 - k. What is the tens digit of x?
3
Let z = -65 + 56. Let u be 12766/18 + 2/z. Suppose 4*p = -2*w + 678 + 16, 4*p = -5*w + u. What is the units digit of p?
1
Suppose -222*a + 14895333 = 85*a. What is the units digit of a?
9
Let g(a) be the first derivative of 11*a**2/2 - 46*a + 30. What is the hundreds digit of g(36)?
3
Let h(z) = 14831*z**2 - z + 1. What is the thousands digit of h(-1)?
4
Let s(g) = 11*g**2 - 39*g - 25. Let o = -45 - -43. Let d(l) = 5*l**2 - 19*l - 12. Let u(w) = o*s(w) + 5*d(w). What is the tens digit of u(8)?
4
Suppose 1752 = -4*o + 1696. Let q(t) = -3*t**2 - 19*t - 3. Let d(a) = -16*a**2 - 94*a - 15. Let u(b) = -2*d(b) + 11*q(b). What is the units digit of u(o)?
5
Suppose 2*d = -p + 34389, -95077 = -5*p + 4*d + 76826. What is the thousands digit of p?
4
Let b(p) = p**3 + 84*p**2 - 7*p - 272. What is the hundreds digit of b(-84)?
3
Let r(g) = -238*g + 454. What is the thousands digit of r(-14)?
3
Suppose 0 = -4*i + 5*q - 260, 4*q + 241 = -3*i + 15. Let g = 68 + i. What is the hundreds digit of g*(1 + 685/(-10))?
1
Let o(z) be the second derivative of 14*z + 0 + z**3 - 3/2*z**2. What is the units digit of o(15)?
7
Suppose -7*z + 58440 = 5*g - 2*z, 2*g - 23373 = z. Suppose g = 2*s + 11*s. What is the hundreds digit of s?
8
Let z(r) = -5*r. Let s(g) = 5*g + 1. Let x(m) = -4*s(m) - 5*z(m). Let c be x(-7). Let p = c - -75. What is the units digit of p?
6
Let i = 17225 + 20609. What is the hundreds digit of i?
8
Suppose 1 - 9 = j. Let g be -6*(j/(-6) - 2). Let a(h) = 20*h - 21. What is the units digit of a(g)?
9
Let n(r) = r**2 - 4*r + 102. Let w be n(25). Let t = -468 + w. What is the hundreds digit of t?
1
Let f(m) = 4*m**2 + 31*m + 129. What is the thousands digit of f(-40)?
5
Let p = 62069 - 19027. What is the ten thousands digit of p?
4
Let t be 1788567/27 + (-8)/36. Suppose -44*p + t - 5039 = 0. What is the tens digit of p?
9
Suppose r + 12 = 2*r + 2*p, 5*r + 3*p - 32 = 0. What is the units digit of 6/r*472/6?
8
What is the ten thousands digit of (-2 - 1 - -1562)/((-92)/(-1196))?
2
Let z(r) = 50917*r**2 - 67*r + 66. What is the ten thousands digit of z(1)?
5
Suppose 5*w + 5*a = 20, -a = -5*w - 0*w + 14. Let y be (w + -2)*(2 + -7) + 2. What is the units digit of y/(-12) + (1 - 9/(-12))?
2
Suppose -4*l - 77259 = -v, -11*l + 308910 = 4*v - 13*l. What is the tens digit of v?
2
Let z be -2*((-12)/7)/(2/63). Let i = 96 - z. What is the units digit of 598/6 - (52/i + 4)?
0
Let j = 894 + 818. Suppose 4*d = 1468 + j. What is the units digit of d?
5
Suppose 0 = -5*c + c - 5*u - 4, 0 = 3*c + 2*u + 10. What is the tens digit of 632 - (2 - 12/c)?
2
Suppose 0 = 3*j - 5*u - 1549 + 365, 1617 = 4*j + u. Let m = -226 + j. What is the units digit of m?
7
Let s be (-144)/84*(-49)/(-2). Let z be (-2)/16 - s/(-48). What is the units digit of z/3*(-32 - -8)?
8
Let h(y) = y**2 - 2*y - 8. Let a be h(5). Suppose 2*r - 14 = 4*o, -4*o + a*o = -4*r + 50. Suppose r*m + 608 = 15*m. What is the tens digit of m?
5
Suppose -3 - 27 = -u + 2*p, 0 = -4*u + p + 127. What is the hundreds digit of (-327)/(((-1)/2)/(16/u))?
3
Let j = -6502 - -13930. What is the tens digit of j?
2
Let j = -313 - -317. Suppose b - 5*t - 576 = 370, -j*b + 2*t + 3784 = 0. What is the tens digit of b?
4
Let n(d) be the first derivative of -d**3/3 + 7*d**2 - 17*d + 74. What is the units digit of n(7)?
2
Let m(o) = 3777*o - 7. What is the units digit of m(5)?
8
Let v = 406 + -275. Suppose -v = -15*u + 1084. What is the tens digit of u?
8
Suppose h - 2*l - 20978 = 0, -41956 = -2*h + 139*l - 141*l. What is the ten thousands digit of h?
2
Let w = 1591 - 354. Let q = w - 318. What is the tens digit of q?
1
Let p = 5762 + -1956. Suppose -15*v = -13*v - p. What is the units digit of v?
3
Suppose -8*w + 6*w + 30 = 0. What is the tens digit of ((-25)/w)/((-7)/1239)?
9
Let u(w) = 9*w**2 + 12*w - 52. What is the units digit of u(26)?
4
Let g(p) = -3*p + 7. Let a be g(0). Suppose -101 = a*q - 1018. What is the tens digit of q?
3
Let j(p) = -p**3 + 10*p**2 - 2*p + 22. Let o be j(10). Let i = o - -183. What is the hundreds digit of i?
1
Suppose 1 = 2*j + 5, 2*j = -5*b + 419426. What is the hundreds digit of b?
8
Let f be (-8)/(-2) - (0 - 0). Suppose -27 + 3 = -f*a. Suppose 62 = a*p - 346. What is the units digit of p?
8
Let u(l) = 64*l**2 - 366*l + 120. What is the tens digit of u(-17)?
3
Suppose 4*s = 2*r - 771 + 8875, 0 = -2*r - 4. What is the tens digit of s?
2
Suppose -15*d - 24*d = -9*d. What is the units digit of (d + 7/(-4))/(23/(-13616))?
6
Let y = 43 - 35. Let z be -4 + -24*y/12. Let r = 33 + z. What is the units digit of r?
3
Suppose 25*j - 1471320 = -70*j - 39*j. What is the tens digit of j?
8
Let f = 728 - 719. What is the units digit of (493 + f)*(2 - -1)?
6
Let c = 14722 + -9036. What is the units digit of c?
6
Let o(q) = q**3 + 51*q**2 - 36*q + 7. What is the tens digit of o(-49)?
7
Suppose -60*m - 140*m + 990200 = 0. What is the thousands digit of m?
4
Let b(y) = -17 + 45 - y**2 - y**3 + y + 5*y**2 + 7*y**2. Let i be b(15). What is the tens digit of i/(-9) - -1 - (-2)/(-9)?
9
What is the hundreds digit of ((-110)/(-275))/((-6)/(-355335))?
6
Suppose 3*z = -359*l + 354*l + 249696, -4*l = 2*z - 199754. What is the units digit of l?
5
Suppose -7*u - 4*d = -139973 - 89444, 3*u - d = 98327. What is the units digit of u?
5
Let i be (1472/56 - -2) + (-4)/14. What is the hundreds digit of (-8)/(-6)*(-42)/i - -600?
5
Suppose -26188 = -32*v + 149940. What is the thousands digit of v?
5
Let b(s) = -s**3 + 14*s**2 + 25*s - 11. Let j be b(17). Let m = 854 + j. What is the units digit of m?
1
Let v = 52 - 48. Suppose -15 + 3 = -v*z. Suppose -5*a - z + 63 = 0. What is the tens digit of a?
1
Let w(d) = 30*d**2 - 4*d + 7. Let u be w(2). Suppose 15*v + u = 22*v. Let k(r) = r**2 - 4*r + 14. What is the tens digit of k(v)?
3
Suppose 0 = -4*d + 3*w + 1273 + 490, -3*d + 1336 = -5*w. What is the units digit of (-14994)/(-23) - (-38)/d?
2
Let a be (-1)/1 + (-12)/(10 + -6). Let b be (-4)/(-14) + (-95)/140*a. Suppose 4*n + 5*l = 638, -n + b*l + l + 149 = 0. What is the tens digit of n?
5
Suppose -2*d = -3*r + 4 - 0, 0 = 5*d + 5*r - 15. Let o(n) = 161*n**3 - 2*n**2 + 3*n. Let l be o(d). What is the tens digit of (-5 + -3 + 9)*(0 + l)?
6
Let y(a) = 2734*a - 2312. What is the thousands digit of y(7)?
6
Let x be (-26)/(-2) - (4 - 2). Suppose -46 + x = -7*n. Suppose -n*r + 6*r = 79. What is the tens digit of r?
7
Let p(i) = -i**3 - 2*i**2 + 17*i - 7. Let h be ((-1)/(-2))/(32/64). Let g be (35/15)/(h/((-6)/2)). What is the units digit of p(g)?
9
Let h = 124 + -123. Suppose -h = -2*r + 9. Suppose -r*q = -4*a - 1, 2*q + 8 = -2*a + 6*q. What is the units digit of a?
6
Suppose 22377*c - 22391*c + 384174 = 0. What is the thous